2)?
-6
Let l(h) = -h**3 + 36*h**2 - 25*h + 895. Calculate l(36).
-5
Let b(y) = -y**3 + 22*y**2 + 79*y - 94. Calculate b(23).
1194
Let w(u) = -6*u + 177. Give w(46).
-99
Let b(r) = 24*r**3 - 2*r**2 + 6*r - 27. Give b(3).
621
Let m(c) = 66*c + 453. What is m(-7)?
-9
Let p(q) = 2*q**3 - 171*q**2 + 408*q + 582. Give p(83).
1
Let t(m) = m**2 + 335*m - 3134. Calculate t(9).
-38
Let a(d) = -34*d - 13. What is a(-2)?
55
Let j(c) = 13*c**2 + 2809*c + 214. Determine j(-216).
-2
Let n(t) = -t**2 - 3047*t - 15217. Determine n(-5).
-7
Let v(z) = -10*z + 399. What is v(21)?
189
Let o(j) = -7*j**2 + 245*j - 1644. Calculate o(26).
-6
Let u(r) = -r**3 + 75*r**2 - 227*r + 804. Give u(72).
12
Let c(m) = -2*m**2 - 34*m + 279. Give c(-23).
3
Let m(d) = -d**3 + 13*d**2 - 2*d - 14. Calculate m(11).
206
Let t(y) = -2*y**2 - 1925*y - 11519. Give t(-6).
-41
Let p(s) = -2758*s + 22073. Calculate p(8).
9
Let j(q) = -2*q**3 - 7*q**2 - 2*q + 5. Determine j(-1).
2
Let w(s) = -70*s**2 + 20*s + 43. Determine w(-2).
-277
Let z(x) = x**2 + 12*x - 7018. Give z(78).
2
Let j(v) = -v**3 + 5*v**2 + 92*v - 541. Give j(7).
5
Let f(a) = 52*a - 450. What is f(9)?
18
Let t(z) = -z**3 + 36*z**2 - 55*z + 85. Determine t(35).
-615
Let p(k) = 72*k - 382. Determine p(6).
50
Let v(w) = 265*w**2 + 2*w + 85. Calculate v(0).
85
Let j(v) = -v**3 + 13*v**2 - 17*v - 6. Determine j(13).
-227
Let m(k) = 73*k - 18683. What is m(256)?
5
Let s(h) = -8*h**2 + 22*h - 83. What is s(7)?
-321
Let b(o) = -2244*o - 42639. Calculate b(-19).
-3
Let n(t) = -3*t**2 - 23*t + 45. What is n(-11)?
-65
Let a(y) = 72*y**3 + 5*y**2 - 11*y + 2. Determine a(2).
576
Let u(m) = 5*m**3 + 24*m**2 - m - 4. Calculate u(-6).
-214
Let g(j) = -349*j - 1358. Calculate g(-4).
38
Let x(b) = -24*b**2 - 42*b - 1. Give x(-3).
-91
Let y(z) = z**3 - 89*z**2 - 166*z - 1505. Calculate y(91).
-49
Let d(c) = -111*c + 1653. Calculate d(15).
-12
Let n(l) = -26*l**2 - 1041*l + 131. Calculate n(-40).
171
Let t(v) = v**3 - 11*v**2 - 52*v + 131. Determine t(14).
-9
Let i(d) = 614*d + 1230. What is i(-2)?
2
Let w(q) = q**2 + 112*q - 103. Give w(0).
-103
Let a(w) = -w**3 - 7*w**2 - 11*w + 36. Give a(-9).
297
Let i(a) = -240*a + 3599. What is i(15)?
-1
Let c(y) = 20*y - 537. Give c(28).
23
Let v(w) = -335*w**3 + 9*w + 8. Determine v(-1).
334
Let g(s) = -6*s**2 + 99*s - 201. Determine g(14).
9
Let d(o) = -4*o**3 + 32*o**2 + 12*o - 7. Calculate d(9).
-223
Let v(f) = -307*f + 3065. Determine v(10).
-5
Let z(s) = -s**3 + 5*s**2 + 21*s + 14. Give z(8).
-10
Let l(n) = 138*n**2 - 4*n - 5. Determine l(-1).
137
Let z(c) = c**3 - 6*c**2 + 22*c - 62. Give z(8).
242
Let k(h) = h**3 + 18*h**2 + 68*h + 32. Determine k(-13).
-7
Let m(c) = -c**2 - 142*c - 1211. Determine m(-9).
-14
Let j(n) = 2*n**3 - 53*n**2 - 278*n - 28. Give j(31).
3
Let o(b) = -31*b - 740. Calculate o(-22).
-58
Let n(a) = -30330*a + 181979. What is n(6)?
-1
Let w(l) = -96*l + 16304. Calculate w(170).
-16
Let c(q) = -2*q**3 - 53*q**2 + 25*q - 1654. Determine c(-28).
-2
Let b(y) = y**3 + 4*y**2 + 3*y + 94. Determine b(-9).
-338
Let l(w) = 2*w**2 + 5*w - 82. Give l(-8).
6
Let o(t) = -3*t - 69. Calculate o(-34).
33
Let h(k) = k**3 + 112*k**2 + 533*k - 138. What is h(-107)?
76
Let x(k) = 6*k**3 + k**2 + 27*k + 27. What is x(-1)?
-5
Let n(q) = q**2 - 7*q - 6. Determine n(10).
24
Let p(v) = -v**3 - 14*v**2 + 6*v + 185. Determine p(-9).
-274
Let c(h) = -h**3 - 88*h**2 - 408*h + 573. Determine c(-83).
-8
Let r(n) = -2*n**3 - 6*n**2 - 908*n + 3650. What is r(4)?
-206
Let h(j) = j**3 - 8*j**2 + 18*j - 50. Determine h(6).
-14
Let j(d) = -5*d**2 + 28*d + 204. What is j(10)?
-16
Let p(b) = 8*b - 31. Give p(6).
17
Let y(n) = -2*n**3 - 44*n**2 + 48*n + 44. Calculate y(-23).
-2
Let l(u) = -3*u**3 + 26*u**2 + 3*u - 5. Give l(0).
-5
Let c(h) = -h**2 + 117*h - 3399. What is c(60)?
21
Let i(r) = 71*r + 1957. Give i(-37).
-670
Let d(c) = -2*c**3 - 7*c**2 + 14*c + 12. What is d(-7)?
257
Let h(c) = -2*c**2 - 140*c + 52. Calculate h(-74).
-540
Let i(t) = -4*t**2 - 20*t + 48. Determine i(-7).
-8
Let n(v) = -48*v**2 - 146*v + 145. Give n(1).
-49
Let p(o) = 30*o**2 - 149*o + 98. What is p(4)?
-18
Let u(v) = -16*v + 917. Give u(57).
5
Let c(m) = m**2 + 40*m + 2. Determine c(-40).
2
Let j(u) = 3*u**2 - 38*u - 91. Give j(21).
434
Let f(w) = -w**3 - 115*w**2 - 1417*w - 345. Determine f(-101).
-42
Let x(n) = -n**3 + 7*n**2 + 21*n + 6. Give x(10).
-84
Let a(j) = 117*j + 55. Calculate a(-3).
-296
Let u(j) = -j**3 + 9*j**2 + 3*j + 35. Calculate u(10).
-35
Let t(w) = w**3 - 14*w**2 - 3*w + 51. What is t(2)?
-3
Let y(s) = 231*s - 835. Calculate y(0).
-835
Let y(m) = 30*m - 471. What is y(16)?
9
Let i(c) = -3*c**3 + 24*c**2 + 141*c - 2. Determine i(-4).
10
Let p(s) = s**2 - 312*s - 1579. Give p(-5).
6
Let q(b) = -18*b**2 + 153*b - 6. Determine q(6).
264
Let b(j) = j**3 + 13*j**2 - 3*j - 8. Determine b(-3).
91
Let c(p) = 30*p**2 - 1168*p - 30. Give c(39).
48
Let c(k) = -4*k**3 + 117*k**2 - 545*k - 74. Give c(6).
4
Let x(t) = -29*t + 13. What is x(-1)?
42
Let u(v) = 99*v + 2177. Calculate u(-22).
-1
Let b(o) = -o**3 + 17*o**2 - 18*o - 20. What is b(15)?
160
Let f(i) = -2*i**2 + 1746*i - 17262. Calculate f(10).
-2
Let a(b) = -b**3 - 12*b**2 + 9*b + 122. Calculate a(-12).
14
Let v(z) = 163*z + 2608. What is v(-16)?
0
Let u(d) = -3*d**2 - 120*d + 1512. Determine u(10).
12
Let j(b) = b**3 - 15*b**2 - 312*b + 1423. Calculate j(4).
-1
Let n(h) = h**3 + 16*h**2 + 31*h + 374. What is n(-15)?
134
Let d(o) = -o**2 + 236*o - 18. Calculate d(0).
-18
Let x(h) = -26*h**2 + 1706*h + 2415. Determine x(67).
3
Let p(c) = 18*c - 375. Calculate p(9).
-213
Let y(b) = -b**2 + 34*b - 257. Calculate y(25).
-32
Let q(v) = -2*v**3 - 78*v**2 + 21*v + 583. Determine q(-39).
-236
Let x(g) = 13*g - 111. Give x(7).
-20
Let g(a) = 3587*a + 11. Calculate g(0).
11
Let l(j) = 29*j + 1410. Give l(-49).
-11
Let m(l) = -133*l + 4928. What is m(37)?
7
Let f(m) = -31*m + 266. What is f(9)?
-13
Let l(d) = -3*d**3 + 375*d**2 + 381*d - 375. What is l(126)?
3
Let d(n) = n**3 + 192*n**2 + 193*n + 383. Give d(-191).
1
Let w(o) = 237*o - 6. Calculate w(0).
-6
Let c(a) = -a**2 - 358*a + 2937. What is c(8)?
9
Let i(s) = s**3 - 26*s**2 + 43*s + 116. Give i(24).
-4
Let z(q) = 1609*q + 19304. What is z(-12)?
-4
Let h(g) = -g**2 + 75*g - 35. Give h(0).
-35
Let o(n) = 55*n**3 + 824*n**2 - 21*n - 56. Give o(-15).
34
Let a(x) = -x**2 - 24*x - 85. What is a(-10)?
55
Let d(j) = -73*j**3 - 5*j**2 + 14*j - 10. What is d(1)?
-74
Let q(a) = -3298*a - 19806. Determine q(-6).
-18
Let n(v) = 10*v + 402. Determine n(-40).
2
Let d(s) = -s**3 - 24*s**2 - 12*s - 80. What is d(0)?
-80
Let f(a) = 5*a**3 - 29*a**2 + 20*a - 156. Determine f(6).
0
Let o(h) = -3*h + 168. Give o(31).
75
Let u(n) = 17*n**2 + 6431*n + 1897. Determine u(-378).
7
Let j(u) = 55*u + 1. Determine j(4).
221
Let x(w) = -21*w**2 + 1741*w + 168. Determine x(83).
2
Let y(x) = x**2 - 11*x + 25. What is y(2)?
7
Let o(f) = f**3 + 62*f**2 - 4*f + 44. Determine o(-62).
292
Let n(r) = -2*r**2 + 50*r + 162. Give n(28).
-6
Let w(g) = -6*g**3 + 427*g**2 - 76*g + 365. Determine w(71).
10
Let b(c) = -7*c**3 - 3*c**2 + 4*c - 13. What is b(2)?
-73
Let y(h) = h**2 - 7*h - 491. Determine y(27).
49
Let h(n) = -48*n - 20. Calculate h(1).
-68
Let f(h) = h**3 + 12*h**2 - 230*h - 2808. What is f(-14)?
20
Let i(h) = 19*h + 495. Determine i(-25).
20
Let o(k) = -95*k + 25. What is o(-1)?
120
Let m(q) = 12*q**3 - 7*q - 7. Give m(-1).
-12
Let m(x) = -1872*x + 9247. Determine m(5).
-113
Let s(l) = 99*l + 872. Give s(-9).
-19
Let t(a) = -a**2 + 1121*a - 49456. Calculate t(46).
-6
Let t(l) = -52*l + 551. Give t(8).
135
Let k(s) = 15*s**3 - 3*s**2 - 44*s + 87. What is k(2)?
107
Let t(m) = m**3 + 2*m**2 - 22*m - 55. Determine t(-2).
-11
Let c(v) = -7*v**2 - 17*v + 46. Calculate c(2).
-16
Let b(w) = -w**3 + 5*w**2 + 205*w + 15. Calculate b(-12).
3
Let l(i) = i**3 + 14*i**2 + 4*i + 394. Calculate l(-15).
109
Let f(q) = -q**3 + 38*q**2 + 267*q + 13. Calculate f(-6).
-5
Let a(r) = 16*r - 650. Give a(39).
-26
Let p(s) = 3*s**2 + 87*s - 265. Calculate p(-34).
245
Let c(t) = 8*t**3 - 39*t**2 + 17*t + 17. Give c(5).
127
Let i(r) = 2*r**3 - 11*r**2 - r + 32. What is i(8)?
344
Let h(k) = k**3 + 3*k**2 - 3*k + 7. Determine h(0).
7
Let v(a) = -20*a + 813. Give v(41).
-7
Let l(o